25?
2
Calculate -4 + (-5 - -7 - -19) + -2.
15
What is 1 - -1 - 21 - (1297 - 1352)?
36
What is the value of 5 - (19 - 10) - (17 - (9 + -1))?
-13
What is the value of -65 + 3 + 4 + 30?
-28
What is 457 + -462 + -6 + 2 + 0 + 0?
-9
Evaluate -10 + (12 - 5) + 2 + -7.
-8
-3 - (-87 + 97 - (3 + 0))
-10
-13 - (-5 - (-9 + (9 - -2))) - 13
-19
What is the value of 5 + -6 + 0 + -8 + 60 + -50?
1
Calculate -11 + -2 + (-12 - (-12 + 5)).
-18
Calculate 22 + (-13 - 0 - (44 + -44)).
9
Calculate 1006 - 995 - (-3 + 3 + 14).
-3
Calculate -4 - (-23 + 1 + 2).
16
What is the value of 19 - 23 - (-7 - (-4 + 0))?
-1
What is -27 - 39 - -56 - (1 - 1)?
-10
-367 - -369 - (-1 + 5)
-2
What is (5 + -21 - -32) + -20 - 27?
-31
Calculate -1 - (-1 - 4 - 1 - (-21 - -23)).
7
What is the value of 23 + (-15 - -9 - (7 - 6))?
16
Evaluate (-879 - -870) + 0 + 22.
13
What is the value of -12 - ((-202 - -206) + -3 + -1)?
-12
(1 - ((-1 - 5) + 0)) + 1 + 2
10
Calculate 0 + -5 + (29 - 27) + (-17 - -18).
-2
Calculate 2 - 5 - ((7 - 17) + -1).
8
Evaluate 27 + 31 + -26 + -45.
-13
What is 15 + 1 - (102 - 75)?
-11
176 + -158 + -4 + (-3 - 1) + -1
9
What is 1 + 0 + (28 - 28) - (-12 + 1)?
12
Calculate (5 - 0 - 2) + 4 - -3.
10
What is the value of -21 + (11 - -27) - (-5 - -1)?
21
Evaluate -126 + 125 - (16 - 1).
-16
Evaluate -1 + 23 - 5 - 23.
-6
30 - (11 - ((-2 - -4) + 0))
21
Calculate 773 + -772 + (12 + 0 - 0).
13
1 - ((-1 - 0 - 2) + (-55 - -61))
-2
What is 2 + 4 + -7 - (2 + 9)?
-12
(-9 - (-27 + 17)) + (-9 - (2 - 2))
-8
Evaluate -15 + 4 - (0 + -5 + 16 - 6).
-16
Calculate 109 - 91 - (-7 - 1) - (1 + 4).
21
Calculate -19 - (9 - 14) - -5.
-9
21 - (-4 + 5 + 11)
9
What is (12 + -1 - (-7 + 11 - 3)) + 0?
10
What is -6 - (15 + -2 - 8) - (5 + -4)?
-12
Calculate -17 - (-9 + 0 + (0 - -9 - 1)).
-16
3 - (5 - -6) - (22 + -25) - -30
25
What is the value of 32 - 24 - ((-2 - -5) + -4 - 18)?
27
What is (0 - 11) + -5 + 7 - (33 + -27)?
-15
What is the value of (-25 - -30 - -14) + 0?
19
What is the value of 110 + -101 - (14 + 19)?
-24
What is (15 - 3) + -5 + -4?
3
What is (-43 - (-33 + -7)) + (1 - (18 - 3))?
-17
Calculate -4 + -1 - (-29 - (-22 + 12 - -3)).
17
Evaluate 57 + -57 - (-2 - -7 - -4) - 1.
-10
Calculate -10 - ((3 - 6 - -6) + -27).
14
What is the value of (-10 - -4 - -4) + (-14 - -15) + 18?
17
What is the value of 0 + -4 + 2 - (34 - (8 - -16))?
-12
Calculate 20 + (-8 - (-4 + 0)) + (126 - 119).
23
Evaluate (7 + 2 - 10) + 1 - 12.
-12
Calculate 421 + -410 + -3 + (-1 - 3).
4
What is -2 + -16 + 12 + -4 + -19?
-29
Evaluate 1 + -2 - -1 - (-28 + -3 - -21).
10
What is (7 - 0) + (94 - 85) - (-8 + 1)?
23
Evaluate (8 - -3) + 71 + -84.
-2
Calculate 7 + 20 + -34 - 8.
-15
Evaluate -35 + -7 + 24 + 11.
-7
What is the value of 42 + (-5 - -21) + -48?
10
15 + -12 + 0 + 9
12
What is the value of (-22 - -9 - (20 - 27)) + -6?
-12
Evaluate -3 + 14 + (-8 - (2 - 1)).
2
What is the value of (4 + 1 - (-16 + 18)) + 2?
5
-23 - -1 - (415 + -411)
-26
Calculate 6 + (-5 + 0 - -4) + -6 - -9.
8
What is the value of 6 - (3 + -10 + 13 + -2 + -16)?
18
(-10 - -8) + 4 - 29 - -12
-15
Calculate 4 + -2 + -7 - (-4 - (21 - 31)).
-11
Evaluate 1124 + -1138 + (0 - 7).
-21
Calculate 9 + -2 + (-9 - (0 + 9)).
-11
Calculate -36 - (-47 - (-54 + 32)).
-11
Calculate (16 - 10) + -3 + -5 + 0.
-2
What is the value of 5 + -2 - (4 + 7 - 12)?
4
What is -6 - (12 - -1) - (-7 - (-4 - -3))?
-13
What is 19 + 1 + (6 - (-4 - -13)) + -3?
14
What is 7 - (-10 - -6 - -5) - (-5 + 12)?
-1
What is the value of (-24 - 0) + (8 + -17 - -12) - -7?
-14
Calculate -2 - (1 + -2 - (6 - (4 + -5))).
6
What is (6 - (0 + 1)) + (-34 - (-14 - 3))?
-12
Evaluate 15 - -4 - (-3 - -14 - (11 + -6)).
13
Evaluate -28 + -2 + 29 + 7.
6
What is 23 + -9 + (-21 - -12)?
5
Calculate -1 + (-3 - 0) + 3 + -2 - -3.
0
-9 - ((-3 + (5 - -9) - 38) + -9)
27
Calculate 0 + 1 + (-2 - -2) + 3 + -3.
1
Evaluate -3 - ((26 - 6) + 3 + -4 + -5).
-17
Evaluate -6 - (-14 + 4) - (-4 - 0).
8
What is 8 - 0 - (-50 - (-3 + -38))?
17
Calculate -8 - -22 - (-2 - (-4 - -10)).
22
What is the value of 2 - ((-6 + 13 - -8) + 1) - 1?
-15
Evaluate 8 + -33 - 0 - (7 + (-16 - -3)).
-19
(19 - 14) + 9 + -3
11
Calculate (10 - 10) + (7 - 7) - 14.
-14
What is the value of 16 + 19 - (25 - 11)?
21
What is the value of 20 + (1 - 3 - (39 - 44)) + -7?
16
What is (-26 - 1 - -53) + -39?
-13
1 - (4 - (-13 - 3) - (-1 + 8))
-12
8 - (5 + -9) - 6
6
(33 - (56 + -25)) + -12 + 2 + -4
-12
What is the value of (0 - 38) + (73 - 37)?
-2
Evaluate -12 - (12 + -10 + -3 - -10) - 7.
-28
Calculate -2 + 4 - (21 + -2 + -19).
2
Evaluate 15 + (3 - 3) - (-15 + 22).
8
Calculate 3 + -11 - -13 - (-4 + -3).
12
0 + 16 + (-13 - -7) + -8
2
Calculate 19 + -35 - (-25 - -1) - 0.
8
-25 + 41 - (3 - -8)
5
What is -49 - (-32 - 5 - -17)?
-29
Evaluate 2 + 23 + 15 + -5 + (15 - 14).
36
-11 - (-20 + (34 - 43))
18
55 + -43 + 8 + -26
-6
What is the value of -1 + 15 + 5 + -11?
8
What is the value of ((-5 - -4) + 1 - -3) + -23 + 3?
-17
(-4 - (4 + 1)) + -48 + 47
-10
Calculate 13 + -2 + -48 + 10 + 31.
4
Calculate -16 + 16 + -8 - -5.
-3
What is the value of -19 + 1 + 2 - (34 - 31)?
-19
Evaluate (-23 - -25) + 3 - -15.
20
What is 1 + 1 + -2 + -2702 + 2686?
-16
What is -15 + (12 - 3) - -13?
7
What is 2 + 7 + -2 + -38 + 30?
-1
What is the value of 3 - (-8 - 2 - -2)?
11
-1 + -2 + 1 - -8 - (-403 + 424)
-15
Calculate -13 + 25 + (9 + -12 - 1).
8
3 + -3 - (10 + (-18 + 7 - 0))
1
Evaluate -15 - (-3 + (-7 + 3 - (-6 - 6))).
-20
-18 + 27 - 5 - (1 - -1)
2
What is 8 - (68 + -34 + -15)?
-11
What is the value of 27 - (-12 + 59 + -16)?
-4
Calculate 3 - ((11 - -1) + 78 + -69 + 4).
-22
Evaluate -41 + 35 - 27 - -25.
-8
Calculate 11 + (9 - (-6 + 12)).
14
What is 40 - (-7 - (-10 + -2) - 6 - -8)?
33
12 - (18 + (-16 - (15 - 23)))
2
Evaluate 3 - -2 - ((1 - -3) + 22).
-21
Evaluate 2 + -6 + (23 - (-21 - -36)).
4
What is the value of -29 - (7 - ((-114 - -108) + 14 + -1))?
-29
What is the value of -8 + -8 + 3 + (-8 - 1) + 6?
-16
What is -1 + 9 - (-47 + 43 + (1 - -9))?
2
Calculate (-37 + 15 + 13 - -3) + 10.
4
What is the value of (-1 - 4) + (-537 - -529)?
-13
Calculate 17 + (-31 - -23) + 2 + 1.
12
What is the value of 1 - -1 - 4 - (-10 + 19 + -14)?
3
Calculate -998 + 992 + -2 + 4 + 16.
12
What is 7 - (5 - (3 - 5)) - 6?
-6
What is the value of (32 + -17 - 1) + 9 + -49?
-26
What is the value of 6 + -7 + (4 - 6 - 1)?
-4
Calculate -1 + -15 - (-2 - (10 - 4)).
-8
Calculate (14 - (1 - 3 - -22)) + -1 + -6.
-13
Calculate 1 + 20 + 81 + -99.
3
(-4 - 12) + (12 - ((-1 - -4) + 3))
-10
31 - 32 - (9 + -8 - (0 - 2))
-4
What is 2 - 3 - ((-17 - -26) + -29)?
19
8 + -16 + 0 + 9 + -1 + -3
-3
What is 23 + (-27 - -18) - 31?
-17
Calculate -9 + (12 - 26) + -6 + (1 - -5).
-23
(73 - (-76 - -111)) + (1 - (11 + -1))
29
Calculate 26 - 34 - (2 - 3) - -2.
-5
What is (25 - 16 - 7) + -17?
-15
Calculate (-11 - -16) + (-2 - (20 - -5)) + -9.
-31
What is the value of 17 + (-2 - (-15 - -31)) - -27?
26
Calculate (-24 - -27 - 14) + -3.
-14
What is the value of 12 + 2 + -6 + -14 - -32 - 1?
25
-16 + -5 + (59 - 57 - (0 - 1))
-18
Calculate 4 + (-10 + 8 - 1) + 7.
8
Evaluate 18 - (34 + 3 + -23).
4
Calculate 3 + 11 + (-19 - 0).
-5
Evaluate 9 + -20 - ((-15 - -4) + 5).
-5
Evaluate (1 - 31) + (-44 - (-112 - -52)).
-14
What is -85 + 102 + (-2 - -1) + -1?
15
8 + -15 - (-1 + 6)
-12
Evaluate (0 - (3 + 0 + -4 + -7)) + -8.
0
Evaluate (9 - ((-17 - -17) + 4)) + 18.
23
What is 18 - (33 + -9 - 13)?
7
What is (1 - 3 - -10) + -29 + 44?
23
What is (16 - 15) + 12 - 18?
-5
Calculate -9 + (-6 - -3 - -7) + -1 - -20.
14
Evaluate (8 - 14) + (4 - -2 - 1) + -7.
-8
Evaluate (-33 - -3) + (-20 - -48).
-2
Calculate -6 + -7 + 5 + 14.
6
What is -10 + 41 + 43 - 39?
35
Evaluate -50 + (-37 - -106) - (0 - 6).
25
Evaluate (33 - 82) + (-3 - -25).
-27
0 + -1 - (-1 + -5 - -10) - 17
-22
Calculate -4 - -5 - 13 - -2 - (7 + -14).
-3
Calculate -24 + (11 - -8) - (-1 - (-1 + 1)).
-4
Evaluate 1 - (10 + -1) - (-34 + 31 + -2).
-3
-8 + 0 + 15 + (3 - (3 + -2))
9
Calculate 13 - -2 - (1 + 7) - 14.
-7
Calculate -20 + (-1 - -1) - -12.
-8
What is the value of (22 - 0 - 45) + 16?
-7
Evaluate 3 - 0 - (14 + 1 - (1 + 5)).
-6
Evaluate 20 + (4 - ((-4 + 10 - 1) + 2)).
17
What is (-1 - 1 - 15) + -72 + 84?
-5
What is (-30 - (-68 - -15)) + -31?
-8
Evaluate 81 + -51 + 15 - 28.
17
Evaluate 6 + (4 - 8) + (7 - 11 - -13).
11
Evaluate 6 - (-3 - (4 - 8)).
5
5 + 6 + -8 +